06?
False
Is 28 a factor of 2324?
True
Is 48680 a multiple of 51?
False
Does 14 divide 2733?
False
Is 43 a factor of 13726?
False
Is 1650 a multiple of 33?
True
Is 484 a multiple of 11?
True
Is 41 a factor of 26367?
False
Is 7176 a multiple of 24?
True
Is 38590 a multiple of 41?
False
Does 9 divide 27576?
True
Is 7 a factor of 372?
False
Does 3 divide 1824?
True
Is 59 a multiple of 20?
False
Is 4233 a multiple of 22?
False
Is 5680 a multiple of 4?
True
Is 7 a factor of 84?
True
Does 46 divide 3280?
False
Is 848 a multiple of 4?
True
Does 5 divide 500?
True
Is 13796 a multiple of 15?
False
Does 45 divide 450?
True
Is 1963 a multiple of 6?
False
Is 1791 a multiple of 7?
False
Does 3 divide 712?
False
Is 19 a factor of 551?
True
Does 27 divide 27239?
False
Is 49 a multiple of 3?
False
Is 3967 a multiple of 73?
False
Is 32 a factor of 12512?
True
Does 23 divide 31?
False
Is 55 a factor of 87?
False
Does 35 divide 8365?
True
Does 39 divide 390?
True
Is 2288 a multiple of 44?
True
Is 21 a factor of 1407?
True
Is 15 a factor of 81435?
True
Does 22 divide 660?
True
Does 86 divide 1862?
False
Is 105 a factor of 7560?
True
Is 1252 a multiple of 4?
True
Does 47 divide 3276?
False
Is 2688 a multiple of 3?
True
Is 13 a factor of 51?
False
Is 315 a factor of 4410?
True
Is 105 a factor of 1820?
False
Is 407 a multiple of 37?
True
Is 17670 a multiple of 31?
True
Does 31 divide 1117?
False
Is 53 a factor of 2968?
True
Is 2470 a multiple of 10?
True
Is 720 a multiple of 8?
True
Does 2 divide 4468?
True
Does 152 divide 36632?
True
Is 143 a factor of 9295?
True
Is 41 a factor of 2173?
True
Is 21 a factor of 3078?
False
Is 70 a multiple of 6?
False
Is 2017 a multiple of 21?
False
Is 16 a factor of 912?
True
Does 19 divide 679?
False
Is 1488 a multiple of 12?
True
Does 2 divide 3174?
True
Is 15 a factor of 952?
False
Does 4 divide 1231?
False
Is 5 a factor of 945?
True
Is 163 a factor of 20457?
False
Is 26 a factor of 8346?
True
Is 126 a factor of 22554?
True
Does 23 divide 21011?
False
Is 13333 a multiple of 26?
False
Is 20 a factor of 2520?
True
Is 81 a factor of 13770?
True
Does 105 divide 1124?
False
Is 4857 a multiple of 32?
False
Is 5116 a multiple of 2?
True
Is 13739 a multiple of 20?
False
Is 23 a factor of 3588?
True
Is 928 a multiple of 32?
True
Is 3864 a multiple of 79?
False
Is 283 a multiple of 10?
False
Is 1456 a multiple of 8?
True
Does 61 divide 5592?
False
Does 9 divide 135?
True
Is 127 a factor of 15621?
True
Is 12860 a multiple of 123?
False
Is 5725 even?
False
Is 4098 a multiple of 5?
False
Does 5 divide 5000?
True
Is 2 a factor of 534?
True
Is 16961 a multiple of 25?
False
Is 17 a factor of 3451?
True
Is 140 a factor of 4372?
False
Is 202 a multiple of 9?
False
Is 12733 a multiple of 48?
False
Does 22 divide 46486?
True
Is 646 a multiple of 19?
True
Is 1882 a multiple of 9?
False
Does 38 divide 59660?
True
Does 34 divide 2339?
False
Is 14 a factor of 224?
True
Is 7 a factor of 21?
True
Does 257 divide 93329?
False
Is 12 a factor of 26480?
False
Does 66 divide 1647?
False
Does 26 divide 5694?
True
Is 12 a factor of 6613?
False
Does 43 divide 70711?
False
Is 11 a factor of 7238?
True
Does 41 divide 1066?
True
Does 5 divide 580?
True
Does 14 divide 8218?
True
Is 70 a factor of 32987?
False
Does 32 divide 8602?
False
Is 11 a factor of 1294?
False
Does 443 divide 5708?
False
Is 40 a factor of 2840?
True
Does 8 divide 280?
True
Is 6679 a multiple of 17?
False
Is 18 a factor of 59655?
False
Is 22 a factor of 15358?
False
Does 36 divide 3851?
False
Does 29 divide 203?
True
Is 11 a factor of 3319?
False
Is 309 a multiple of 8?
False
Is 8 a factor of 7155?
False
Does 47 divide 235?
True
Is 8 a factor of 472?
True
Does 78 divide 6708?
True
Is 180 a multiple of 26?
False
Is 5 a factor of 1834?
False
Is 3 a factor of 4481?
False
Is 5027 a multiple of 11?
True
Is 139 a factor of 6626?
False
Is 44 a factor of 646?
False
Is 271 a factor of 49322?
True
Is 18 a factor of 270?
True
Is 42735 a multiple of 12?
False
Is 16 a factor of 272?
True
Does 144 divide 38504?
False
Is 1256 a multiple of 31?
False
Does 26 divide 1768?
True
Does 17 divide 4488?
True
Does 53 divide 2650?
True
Does 12 divide 15708?
True
Is 67 a factor of 21105?
True
Does 28 divide 3304?
True
Does 2 divide 6613?
False
Is 442 a multiple of 7?
False
Does 18 divide 16809?
False
Is 8272 a multiple of 8?
True
Is 12 a factor of 9407?
False
Is 5600 a multiple of 8?
True
Is 10 a factor of 6060?
True
Is 2222 a multiple of 15?
False
Does 25 divide 54700?
True
Is 1254 a multiple of 42?
False
Is 72 a factor of 1469?
False
Is 5 a factor of 387?
False
Is 3 a factor of 152?
False
Does 10 divide 3130?
True
Is 817 a multiple of 12?
False
Does 4 divide 7852?
True
Does 10 divide 8150?
True
Does 9 divide 2853?
True
Does 2 divide 1017?
False
Is 1505 a multiple of 43?
True
Is 71 a multiple of 5?
False
Does 29 divide 10817?
True
Does 23 divide 17503?
True
Does 78 divide 101634?
True
Is 8 a multiple of 8?
True
Is 10080 a multiple of 24?
True
Is 100 a factor of 41000?
True
Is 13 a factor of 46761?
True
Is 122 a factor of 14640?
True
Does 5 divide 40?
True
Is 51348 a multiple of 12?
True
Is 34 a factor of 4145?
False
Does 134 divide 2948?
True
Does 49 divide 3305?
False
Is 73 a factor of 2448?
False
Is 256 a factor of 23143?
False
Does 212 divide 53848?
True
Does 12 divide 3588?
True
Is 7481 a multiple of 48?
False
Does 77 divide 20020?
True
Is 536 a multiple of 45?
False
Is 6 a factor of 5418?
True
Is 8864 a multiple of 9?
False
Is 32292 a multiple of 142?
False
Does 68 divide 789?
False
Is 186 a multiple of 6?
True
Is 143 a multiple of 11?
True
Does 6 divide 21210?
True
Is 44 a factor of 338?
False
Does 27 divide 8334?
False
Is 19019 a multiple of 209?
True
Is 126 a multiple of 21?
True
Is 7616 a multiple of 224?
True
Is 77 a factor of 593?
False
Is 1351 a multiple of 53?
False
Does 23 divide 22617?
False
Is 26 a factor of 15652?
True
Is 83 a factor of 5593?
False
Is 161 a factor of 4347?
True
Is 28 a factor of 3455?
False
Is 34496 a multiple of 56?
True
Is 25 a factor of 40513?
False
Is 403 a multiple of 9?
False
Does 19 divide 1487?
False
Is 17 a factor of 9019?
False
Does 33 divide 1386?
True
Is 57785 a multiple of 65?
True
Does 48 divide 103344?
True
Is 44548 a multiple of 172?
True
Does 36 divide 1440?
True
Is 6816 a multiple of 16?
True
Is 18620 a multiple of 28?
True
Is 17 a factor of 4029?
True
Is 5057 a multiple of 21?
False
Does 10 divide 7263?
False
Is 39 a factor of 5237?
False
Is 3 a factor of 165?
True
Is 24 a factor of 974?
False
Is 890 a multiple of 6?
False
Does 14 divide 704?
False
Is 4776 a multiple of 95?
False
Does 41 divide 1184?
False
Is 3 a factor of 6421?
False
Is 26825 a multiple of 5?
True
Is 2049 a multiple of 8?
False
Does 36 divide 265?
False
Is 8734 a multiple of 18?
False
Does 18 divide 342?
True
Is 27 a factor of 31083?
False
Is 23 a factor of 1308?
False
Is 220 a multiple of 55?
True
Does 109 divide 1838?
False
Is 26 a factor of 2120?
False
Is 18 a factor of 594?
True
Does 33 divide 151?
False
Is 54 a factor of 34775?
False
Is 542 a multiple of 5?
False
Is 174 a factor of 24011?
False
Is 31 a multiple of 31?
True
Is 21140 a multiple of 140?
True
Is 45329 a multiple of 10?
False
Does 2 divide 332?
True
Is 7 a factor of 46718?
True
Does 18 divide 468?
True
Is 3325 a multiple of 268?
False
Does 65 divide 1506?
False
Is 6998 a multiple of 18?
False
Does 20 divide 332?
False
Is 10 a factor of 25106?
False
Is 604 a multiple of 8?
False
Does 61 divide 73902?
False
Does 196 divide 17284?
False
Is 73 a factor of 2774?
True
Is 1034 a multiple of 47?
True
Is 32667 a multiple of 45?
False
Does 20 divide 6380?
True
Is 9 a factor of 235?
False
Does 24 divide 409?
False
Is 106704 a multiple of 24?
True
Is 48 a factor of 4643?
False
Is 8096 a multiple of 92?
True
Is 1117 a multiple of 27?
False
Is 9 a factor of 238?
False
Does 33 divide 36729?
True
Does 8 divide 184?
True
Is 27260 a multiple of 20?
True
Does 23 divide 1164?
False
Is 962 a multiple of 26?
True
Does 5 divide 195?
True
Is 148 a factor of 27972?
True
Is 53850 a multiple of 150?
True
Does 111 divide 7770?
True
Does 20 divide 2040?
True
Is 19 a factor of 99?
False
Is 18507 a multiple of 255?
False
Is 5 a factor of 231?
False
Does 13 div